 r?
3, 7, 149
Let d(v) = -v**2 + 20*v + 1. Let l = 47 + -32. List the prime factors of d(l).
2, 19
Suppose 0 = -2*f - f + 3*j + 7440, -5*j + 5 = 0. List the prime factors of f.
3, 827
Suppose 2*x - 1653 + 223 = 0. List the prime factors of x.
5, 11, 13
Suppose 3*q - 528 = -q. Let c be (10/(-15))/((-1)/q). Suppose -3*i = -x - x + c, 2*x - 76 = -3*i. What are the prime factors of x?
41
Suppose 319 = 6*u + 91. Suppose d - u + 19 = 0. What are the prime factors of d?
19
Let y(p) = 249*p - 3. Let m be y(2). Suppose 0 = 3*i - m. Suppose -5*q + 259 = 4*h, -3*h - i = -2*q - 43. List the prime factors of q.
5, 11
Suppose 0 = 3*h + 3*t - 33, h - 2 = -0*h + 2*t. Suppose 5*a + r - h = -0*a, 0 = a + 2*r - 7. Suppose 4*d - a = 51. What are the prime factors of d?
13
Suppose -g = -71 - 72. Suppose x + 0*x - g = 0. What are the prime factors of x?
11, 13
Suppose 347 = 3*i - 364. Suppose 0 = 5*k - i + 42. List the prime factors of k.
3, 13
Let h(z) = z**2 + 14*z + 7. Let c be h(-13). Let a = 123 - c. Suppose 3*s + s = -q + 153, 0 = -3*s + 4*q + a. What are the prime factors of s?
3, 13
Let n(a) = a**3 + 17*a**2 + 21*a - 8. Let v be n(-13). Suppose -2*l = 3*l - v. What are the prime factors of l?
79
Suppose 5*d + 15 = 0, -5*x + 3*d = d + 9. Let n be x/(-2) + (-13)/(-26). Let t(r) = 36*r. List the prime factors of t(n).
2, 3
Suppose 10*b = 7*b - 9. Let o(h) = 23*h**2 - 7*h - 13. Let m be o(b). Suppose -2*g - 1 = r - 57, -g = -4*r + m. List the prime factors of r.
2, 3
Let y(i) be the first derivative of 5*i**3/3 - i**2/2 + 7*i + 15. Suppose -4*u - 7 - 5 = 0. What are the prime factors of y(u)?
5, 11
Let d(y) = -y**3 + 25*y**2 + 2*y + 39. Let j be (-73)/(-3) + (-3 - (-33)/9). List the prime factors of d(j).
89
Let b(g) = -2*g**3 - 5*g**2 - 3*g + 12. List the prime factors of b(-4).
2, 3
Let u(j) = -69*j - 26. Let h be u(-6). Suppose 58*v = 54*v + h. What are the prime factors of v?
97
Let k = 478 + 383. What are the prime factors of k?
3, 7, 41
Suppose 7*h - 9*h + 6 = 0. Suppose -b = 0, -y + h*b = -0*y + 1. Let u = y - -6. What are the prime factors of u?
5
Let i(q) be the second derivative of -q**4/12 - 11*q**3/6 - 6*q**2 - 4*q. Let b be i(-9). What are the prime factors of b/(-2 + (-11)/(-4))?
2
Let x = 126 + -83. Suppose 6 = w - x. List the prime factors of w.
7
Let a(v) = -v**3 + 13*v**2 - 21*v - 7. Let g be a(11). Suppose -f = -g*p + 650, p - 3*f = -2*f + 164. What are the prime factors of p?
2, 3
Let m(b) = -4096*b - 88. List the prime factors of m(-1).
2, 3, 167
Suppose -3*b - 4 = 4*g - 8*b, -3*g = 5*b - 32. Suppose -10 + 318 = g*x. List the prime factors of x.
7, 11
Let v = 4440 + -2357. List the prime factors of v.
2083
Suppose 4*a = 5*m - 2526, -1883 - 121 = -4*m - a. List the prime factors of m.
2, 251
Let x(i) = -i**3 - 4*i**2 - 2*i + 4. Suppose 4*u = -4*y - 0*y + 8, -y + 4*u - 23 = 0. Let n be x(y). What are the prime factors of 58/(n + 2 + -1)?
29
Suppose 0 = -5*w + 6 + 14. Let p be (-3 + 2)*(-7 + w). Suppose -14 = -p*d + d. What are the prime factors of d?
7
Suppose -132 = -f + 188. List the prime factors of f.
2, 5
Suppose -21*x = -10290 - 24969. List the prime factors of x.
23, 73
Let b be 8 - (-4)/(-3 - -2). What are the prime factors of b + -2 - 4 - -79?
7, 11
Let v(a) = 14*a**2 + 6*a - 6. Let i be v(-4). Suppose 3*q - 7*q + 396 = 4*d, -2*q + i = -2*d. What are the prime factors of q?
2, 7
Suppose 5*j - 6261 = -251. List the prime factors of j.
2, 601
Suppose 0 = 223*t - 224*t + 186. What are the prime factors of t?
2, 3, 31
Let s(d) = d**3 + 7*d**2 + 4*d - 6. Let a be s(-6). Suppose -r - a*r = -434. List the prime factors of r.
2, 31
Suppose i + 26 = -0*i. List the prime factors of (i/6)/((-7)/63).
3, 13
Let l be 42/8 - (-8)/(-32). Suppose -6 = 3*m, -527 = -l*n - m + 286. What are the prime factors of n?
163
Suppose -3*v = 3*w - 0 - 6, 0 = v + 3. Suppose -2*h - 2 = 0, -4*d - w*h = -457 - 302. List the prime factors of d.
191
Suppose -5 = 5*g, 0 = i - 5*i + 3*g - 333. Let d = -31 - i. List the prime factors of d.
53
Let t(c) = -604*c + 46. List the prime factors of t(-4).
2, 1231
Let l(p) = -3*p - 10. Let j be l(-4). Let a be (0/j)/2 + 73. Let b = a - 32. What are the prime factors of b?
41
Let a be 112/21*6/8. Suppose 192 = a*f - m, 3*f - 104 - 23 = 5*m. List the prime factors of f.
7
Let a(q) be the third derivative of 1/3*q**3 + 11/30*q**5 + 1/8*q**4 + 0*q + 4*q**2 + 0. List the prime factors of a(-1).
3, 7
Let v(i) = -10*i - 32. Let c be v(-15). Let q = c + -46. List the prime factors of q.
2, 3
Let x = -476 + 4602. List the prime factors of x.
2, 2063
Suppose -2*d - 5*z + 20 = 0, 3 = d + 2*z - 5. Suppose 2*i - 4*i = 4*m - 200, -2*i - 2*m + 194 = d. List the prime factors of i.
2, 47
List the prime factors of ((-579)/2)/((-453)/5738).
19, 193
Let s be 1 - -1 - (6 + -4). Suppose s = c - 41 + 17. Suppose c = 2*m - 0*r - 5*r, r = 3*m - 36. What are the prime factors of m?
2, 3
Let j(q) = 36 - 3*q + 4*q - 32. What are the prime factors of j(1)?
5
Let r = -10 - -180. Let u = -112 + r. What are the prime factors of u?
2, 29
Let h = -871 + 568. Let i = -118 - h. List the prime factors of i.
5, 37
Suppose 0 = 4*q + 2*j - 276, -2*q = -6*j + 2*j - 138. Suppose q = 4*s - 91. Suppose 0 = g + 3*i - s, 0*i - 40 = -g + 2*i. What are the prime factors of g?
2, 5
Let b = 49 - 19. Let m = 86 - b. Suppose -4*c + m = 2*q, -5*c + 8*c - q - 42 = 0. What are the prime factors of c?
2, 7
Suppose -2*h = -3*w - 36, -h + 5*w = -0*h - 18. Suppose -2*b + 3*o + 11 = 0, -h = -b - 4*b - 2*o. Suppose -b*m + 43 = -53. What are the prime factors of m?
2, 3
Let h = -107 - -104. List the prime factors of ((-9)/3)/(h - 2106/(-705)).
5, 47
Let j = -1337 - -2512. What are the prime factors of j?
5, 47
Let b be (24/1)/((-6)/(-3)). Suppose 4*j - b = 8*j. List the prime factors of 40 - 16/((-12)/j).
2, 3
Let k be (1*(3 + -3))/(-1). Suppose -c + 3 = -0*a + 4*a, k = -2*a + c + 9. Suppose i - a*x + 26 = 2*i, -i + 30 = -2*x. List the prime factors of i.
2, 7
Let b(x) = 2*x**3 - 48*x**2 - 37*x - 97. List the prime factors of b(28).
3, 571
What are the prime factors of (0 - (-3555)/20)*(-16)/(-6)?
2, 3, 79
Let c(m) = m**3 - 10*m**2 - 12*m + 13. Let o be c(11). Suppose -y - n - 12 = 0, 4*y + o*n - 4*n + 18 = 0. List the prime factors of (-1)/y - (-1115)/35.
2
Let h(w) = -481*w + 10. List the prime factors of h(-4).
2, 967
List the prime factors of 1 - -3 - -529 - -7.
2, 3, 5
Let p(c) = -9*c - 16. Let j(n) = 14*n + 24. Let s(x) = -5*j(x) - 7*p(x). List the prime factors of s(-11).
3, 23
Suppose -38*t + 1082 = -36*t. List the prime factors of t.
541
Suppose -p - 2 - 17 = 0. Let b(d) = 12*d + 8. Let v be b(3). Let j = p + v. What are the prime factors of j?
5
Suppose 4*n + 2*w + 80 = 0, -w + 11 + 9 = -n. Let c = 20 + n. Suppose -3*i - 3*y + 208 = 2*i, c = 3*y - 3. What are the prime factors of i?
41
Let v = -53 + 76. Let n = -14 + v. List the prime factors of n.
3
Suppose -104 + 11674 = 5*g. List the prime factors of g.
2, 13, 89
Suppose -9*q = -5*j - 7*q + 26665, 4*q = 20. List the prime factors of j.
5, 11, 97
List the prime factors of 4230 + (1020/(-153) - 1/3).
41, 103
Suppose -6*f - 2992 = -23*f. What are the prime factors of f?
2, 11
Suppose 2*g + 5*s = 2 - 13, 5*g - 20 = -3*s. What are the prime factors of g?
7
Suppose -o + 298 = 3*h - h, 3*h - 293 = -o. List the prime factors of o.
2, 7, 11
Suppose 18*t - 19*t - 2*d = -2543, 2558 = t - 3*d. List the prime factors of t.
2549
Let v be 4/((-4)/(-19)) - 3. Let y be v/(-20)*5/(-2). Suppose -42 = y*j - 8*j. What are the prime factors of j?
7
Let o = 905 - -471. List the prime factors of o.
2, 43
List the prime factors of (-606518)/(-110) + (-1)/(-5).
2, 3, 919
Let m(p) = -4*p + 2*p - 1 + p**3 + 5*p + 8*p**2 - 2*p**3. What are the prime factors of m(7)?
3, 23
Let x be (2 - 18/(-4))*(-74)/(-37). Let w = 79 + 166. Suppose x*r - w = 8*r. List the prime factors of r.
7
Suppose o - 5*w = 248, 2*w = 3*o - 4*o + 269. What are the prime factors of o?
263
Suppose -305 = -4*s + 83. Let v(a) = a**2 - 14*a - 10. Let j be v(13). Let x = j + s. What are the prime factors of x?
2, 37
Let r = 428 - 173. What are the prime factors of r?
3, 5, 17
Suppose 0 = 5*t - 3*c - 15, t - 5 = -t + c. Suppose 2*p + 4*w = 4*p - 82, t = -3*p + 2*w + 115. List the prim